35 = -o*m, 2*x + 0*x + 21 = 3*m. What is the units digit of m?
5
Let v = -8 - -8. Suppose o - 5*o + 112 = v. What is the tens digit of o?
2
Let q(p) = 3*p**2 - p - 2. Let n be q(2). Let z = n - -4. What is the units digit of z?
2
Let v be 6/(-3) - -3 - -3. Suppose 2*m + v*w + 4 = 0, m - 5*w - 16 = -w. Let f = 1 + m. What is the units digit of f?
5
Suppose p + 7 = f + 1, -f = -5. Let q(r) be the second derivative of 5*r**4/12 - r**3/6 - r**2/2 + 2*r. What is the units digit of q(p)?
5
Let r(m) be the second derivative of m**4/12 + 7*m**3/6 + 3*m**2 + m. Suppose 9 = -v + 2. What is the units digit of r(v)?
6
Suppose -5*f + 59 + 6 = 0. Let k = 121 - 48. Suppose 3*v + 4*w = f, -2*w - k = -4*v - 19. What is the units digit of v?
1
Suppose -3*v - 5*r + 151 = 0, -4*v - 3*r = -2*r - 173. What is the units digit of v?
2
Let f = 133 + -92. What is the tens digit of f?
4
Let x be -5*(2/(-5) + 0). Suppose -3*t - 1 = -2*t. Let r = t + x. What is the units digit of r?
1
Suppose -t = -0*l - 2*l + 201, 0 = 3*l + 4*t - 274. Suppose 4*a - l - 42 = 0. What is the units digit of a?
5
Suppose -z - 29 + 5 = 0. Let s = 44 + z. What is the units digit of s?
0
Suppose 3*d = 215 + 67. What is the tens digit of d?
9
Suppose 11*a - 12*a = -121. What is the tens digit of a?
2
What is the units digit of 1*4 - (-173 + 8)?
9
Let b = -15 - 51. What is the units digit of 2/(-5) - b/15?
4
Let s(t) = 2*t - 4. Let j be s(8). What is the tens digit of ((-20)/j)/(1/(-15))?
2
Let z be ((-1)/1)/(1/(-9)). Let w(x) = 16 - 1 - 4 - x. What is the units digit of w(z)?
2
Let c = -37 + 13. Let r = 34 + c. What is the tens digit of r?
1
Suppose 9 = 2*y + j - 124, -2*y - 3*j + 123 = 0. What is the tens digit of y?
6
Let c(i) = -i**2 - 6*i - 1. Let z be c(-5). Suppose -112 = 4*a - 4*o, a - 12 = -z*o - 50. What is the units digit of a/(-4) + (-1)/2?
7
Suppose -4*c - 2*f = 3*f - 88, -119 = -5*c - 4*f. What is the units digit of c?
7
Let c(x) = 6*x - 1. Let y be c(-1). Let a(s) = 3*s**2 - 8*s + 19. Let l(j) = -j**2 + 4*j - 9. Let n(r) = 2*a(r) + 5*l(r). What is the units digit of n(y)?
4
Suppose 4*f = -4*b + 160, 4*b = 2*f + 8 + 164. What is the units digit of b?
2
Suppose 46 = 5*g - j, 2*j - 35 = -4*g + j. What is the units digit of g?
9
Suppose 4*j - 3 = 13. Let l = 14 - -5. Suppose x - l = -3*b, -5*x + 15 = -b - j*b. What is the units digit of x?
7
Suppose -850 = -35*x + 30*x. What is the units digit of x?
0
Let t(u) = -2*u**3 - 13*u**2 + 8*u + 12. What is the units digit of t(-7)?
5
What is the tens digit of ((-40)/4)/(2/(-8))?
4
Let u = 5 + -2. Suppose u*b + 18 = 63. What is the units digit of (6/5)/(3/b)?
6
Suppose -3*i = -i - 8. What is the tens digit of (i - 3)/(2/28)?
1
Let n(v) = -v. Let a be n(-7). Suppose -5*b + 3 = -a. What is the units digit of b?
2
Suppose 0 = -f + 2*f - 8. What is the tens digit of f/(-2)*551/(-76)?
2
Let n(p) = -p**2. Let m(c) = c**3 - 7*c**2 + 2*c - 9. Let l be m(7). Let g(w) = -4*w**2 - 6*w - 6. Let z(r) = l*n(r) - g(r). What is the units digit of z(6)?
6
Suppose 0 = 2*o - 1 + 15. Let q(l) = l**2 + 4*l - 8. What is the units digit of q(o)?
3
Let h = -106 + 170. What is the units digit of h?
4
Let t be ((-4)/(-2))/2 - -2. Suppose t*s + s = 128. What is the tens digit of s?
3
What is the tens digit of 42*32/28*3?
4
Let u = 322 + -1435. What is the units digit of (-2)/(-8) - u/28?
0
Suppose -j = 2*m - 3*m + 5, 0 = -5*j + 2*m - 25. Let r(b) be the first derivative of -b**3/3 - 7*b**2/2 - 2*b - 1. What is the units digit of r(j)?
8
Suppose 3*s = 9 - 3. Suppose -s*i + 0*i = -32. What is the tens digit of i?
1
Suppose y = -4*q + 23, 5*q = 2*y - 6*y + 37. Suppose 40 = -8*i + y*i. Let h(f) = -f**2 - 9*f - 6. What is the units digit of h(i)?
2
Let a = -165 - -295. What is the hundreds digit of a?
1
Let r(x) = x**2 + 7*x + 9. What is the hundreds digit of r(7)?
1
Let k be (7 + -10)/(0 + -1). Let p(s) = s**3 - 2*s**2 + 2*s - 4. What is the tens digit of p(k)?
1
Let c(g) = -g**2 + 3*g + 3. Let t be c(4). Let b = -6 - -3. Let f = t - b. What is the units digit of f?
2
Suppose 2*l = -0*l + 2, 3*l = -2*w + 7. Suppose 80 = 4*k - m + 3*m, 0 = -w*k - 2*m + 44. What is the units digit of k?
8
What is the units digit of (-620)/(-6)*(-4 + 52/10)?
4
Let c = 94 + -66. What is the tens digit of c?
2
Let w = 204 + -145. Let o be (-2)/(-4)*(w - 1). Suppose l + 0*l = -3*r + o, 2*l - 49 = -5*r. What is the units digit of r?
9
Suppose 0 = -b - 5, -6*c - 5*b = -2*c + 161. Let p = -11 - c. What is the tens digit of p?
2
Let p be -3*(8/3)/(-2). Suppose -2*t + z + 3*z + 14 = 0, 0 = -5*t - p*z - 7. What is the units digit of t?
1
Suppose 0 = -29*g + 33*g - 376. What is the units digit of g?
4
Suppose -5*i = -5*j + 860, -i + 5*i = -4*j + 688. What is the hundreds digit of j?
1
Suppose 5*g - 299 = -64. What is the units digit of g?
7
Let p be (-2)/(-5) + 13/5. Suppose -p = -u - 1. Let v = 2 + u. What is the units digit of v?
4
Suppose 4*s = 2*b + b - 23, -4*b + 2*s = -14. What is the units digit of b?
1
Suppose 4*w = -20, 0 = -p + 6*p + w - 5. Suppose 0 = -p*l + 7 - 1. What is the units digit of l?
3
Let s = -4 + 4. Suppose p - 2 = -s. Suppose -4*f + p*o = -10, -f + o - 4*o = -13. What is the units digit of f?
4
Suppose 0*p + p = 34. Suppose r - p = -6. What is the units digit of r?
8
Suppose 0 = 2*x - 0 - 8. Suppose -x*r + z + 115 = 0, -4*z + 13 = 3*r - 97. What is the tens digit of r?
3
Let j(g) = -g**2 + 10*g - 3. Let y be j(10). Let m = y - -3. What is the units digit of 5 - m - (5 + -7)?
7
Let u(n) = 2*n + 4. Let j be u(-3). Let g be -1 - (2 + j + 7). Let m = 12 + g. What is the units digit of m?
4
Let v(f) = -f**3 - 7*f**2 - 3*f + 10. What is the tens digit of v(-9)?
9
Let k be (1 - 21/9)*-6. Suppose -4*y + k = -2*h, h + y + 4*y - 3 = 0. What is the tens digit of 1/(-2) - 27/h?
1
Let p = 14 + -4. Suppose -v + p = -0*v. What is the units digit of v?
0
Suppose b - 3*q = 12 + 17, 5*b - 132 = 2*q. What is the tens digit of b?
2
Let r(y) = -y**3 + 6*y**2 + 7*y + 9. What is the units digit of r(7)?
9
Let u(d) = -57*d + 15. What is the hundreds digit of u(-5)?
3
Let x(i) = -i - 6. Let t be x(6). Let s(b) = -b - 17. Let c be s(t). Let y = c - -8. What is the units digit of y?
3
Suppose -4*m = 2*u - 3*u, 0 = -3*m + 15. What is the tens digit of u?
2
Suppose -39*i = -32*i - 1918. What is the units digit of i?
4
Suppose 3*n = 5*d - 322, -3*n + 240 = 4*d - n. What is the units digit of d?
2
Let b be (-2)/10 + (-453)/(-15). Let s be (-36)/b*-5*1. What is the units digit of (-3 - -1)*s*-1?
2
Suppose 2*i + f - 97 = 219, 4*f = 5*i - 790. What is the hundreds digit of i?
1
Let h(y) = -1. Let z(k) = k**3 + 5*k**2 + 2*k. Let x(f) = h(f) + z(f). Let a = -4 + 1. What is the tens digit of x(a)?
1
Suppose -50 = -5*l - 0*a + 2*a, -a + 11 = 2*l. What is the units digit of l?
8
Let k(m) = m**3 - 3*m**2 + 2*m - 6. Let j be k(3). Suppose 2*d + 5*i - 56 = j, -d = -0*d + 4*i - 31. What is the tens digit of d?
2
Let j = -243 + 425. What is the tens digit of j?
8
Let m(g) = -g**3 - 10*g**2 - 8*g + 3. Let c be m(-9). Let i = c - -9. What is the tens digit of 15 - 0*i/3?
1
Let b = -35 + 60. What is the tens digit of b?
2
Let d = -103 + 194. What is the units digit of d?
1
Let g be (-66)/78 - 2/13. What is the units digit of (2/(-6))/(g/27)?
9
Suppose -l + 2*q = -0*q + 4, 3*q = 4*l - 4. Suppose -7*h = -l*h. Suppose h*z + 3*z = 60. What is the units digit of z?
0
Let g(u) = -u**3 + 10*u**2 + 2*u - 14. Let a be g(10). Suppose -3*k = -v + 16, 4*k = -v - 6 - a. What is the units digit of v?
4
What is the tens digit of ((-37)/3)/((-1)/3)?
3
Let p = 3 + -1. Suppose 0 = 3*k + p*r + 2, 2*r + 12 = 2*k - 0*r. Suppose k*v = 3*v - 4. What is the units digit of v?
4
Suppose 2*h + 3*h - 120 = 0. Suppose -2*p - v = -h, -2*v = p + 3*v - 3. What is the tens digit of p?
1
Suppose -4*r + 3*r = 0. Suppose 5*f = -3*p + 92, 4*f - p - 77 = -r*f. What is the units digit of f?
9
Let i = 13 - 20. Let p = 4 - i. What is the tens digit of p?
1
Let b = 2 - -2. Suppose -24 = d - b*d. Suppose 0*q = -2*q + d. What is the units digit of q?
4
Let y(o) = -5*o + 4. Suppose 3*f = -2*m - 0 + 1, -4*m + 5 = 5*f. Let t(d) = -9*d + 7. Let s(j) = m*y(j) - 3*t(j). What is the units digit of s(2)?
3
Let q be 17/2 - (-3)/(-6). Suppose 0 = 3*w - w - q. What is the un